 6 - (-17 + 32)?
77
Evaluate -1 + (8 - 1) + 356 + -420 + (9 - 0).
-49
(45 - (-5 - 7)) + -9 + -13
35
-26 + (38 - 152 - -26) + 26
-88
What is (-3 - -84) + (-40 - -20) - 26?
35
What is 17 + (-6 - (6 - (-11 + 18 + -7 + 0)))?
5
Evaluate -14 + (26 - 29) + 24 + (-10 - -101).
98
What is the value of (-122 - (-7 + -3 + 10 + -11)) + 9?
-102
(-956 - -960) + 3 + (-13 - -4)
-2
(25 - 13) + -75 + (9 - (4 - (-2 + 1)))
-59
What is (222 - 289 - (-34 + 3)) + 3?
-33
What is (-31 - -107) + 1 + -98?
-21
What is (3 - (4 + 11)) + (-50 - -10)?
-52
Calculate 2 + -193 + -3643 + 3725.
-109
What is -10 - (25 - 52) - (-1 + -1)?
19
Calculate 46 - (50 + -12 + 10) - (-2 - -42).
-42
-22 + 0 + (34 - 38 - 20)
-46
What is 49 + -1 + (10 - (70 + -50))?
38
2 - -36 - ((44 - 61) + 151)
-96
What is (-101 - (-57 - -15)) + 46?
-13
Calculate -4 + 18 + 41 + (5 - (-13 - -2)).
71
What is the value of (92 - -25) + -142 - (-90 - -1)?
64
What is -49 - (7 - (-22 + 54 + -12))?
-36
Evaluate 0 + (161 - -1) + (-11 - (-3 - 20 - -21)).
153
What is (-9 - -12) + 13 + -3?
13
Evaluate (14 - 4) + -8 + -1 + (-91 - (12 + -11)).
-91
-9 + 8 - (28 + 5) - (-14 + 1)
-21
Calculate 14 - ((-1 - -2) + -12 + -1215 + 1232).
8
What is the value of (-307 - (119 - 396)) + (-1 - -152)?
121
What is the value of 11 - (-46 + 12 + 17 + 1 + -15)?
42
Calculate (142 - 1) + (152 - 167 - (-14 + (3 - -1))).
136
What is the value of 0 - ((43 - 34) + 3 + -9 + -9)?
6
What is 18 + 17 + -41 + 11 - 11?
-6
What is (1 - -14) + -11643 + 11680?
52
Calculate -72 - (11 + -17 + (4 + -1 - 2) + 16).
-83
What is 2 + (10 - 5) - ((45 - 25) + -9)?
-4
Evaluate -109 + 175 + -173 + 74.
-33
What is 7 + (-5 - (5 - 8) - (6 + -16 + -53))?
68
-3 + 7 + -2 + -1 - (676 + -688)
13
839 + -884 + (2 - 32)
-75
(-34 + 13 + 20 - (1 - 9)) + -6 + 56
57
What is the value of 1 + 1 + (-37 - (-36 - -58))?
-57
-3 - (-35 - (-1 + (-1 - -8) + 1 - 9))
30
Calculate 12 + 10 + -8 - (-20 - 9) - (1 + 1).
41
Evaluate 634 - 716 - (2 - (-5 + 32)).
-57
Evaluate -90 - ((-152 - -100) + -42).
4
100 + (-58 - -2) + (0 - 0)
44
What is (-5 + (-10 - -3) - (-61 - -6)) + 18?
61
What is -98 + 10 + (0 - (-17 + 13 - 2))?
-82
3 + 6 + 2 + 8 + -13 + -60
-54
What is -19 + 7 + -18 - (7 - (5 - (1 - -7)))?
-40
What is the value of -800 + 783 + 5 + -1?
-13
What is 5 - (-51 - 2 - -30)?
28
What is the value of 27 + 10 + -6 + -12 + 9 + 10 + -2?
36
-83 + (9 + 6 + 15 - 8)
-61
What is (-19 - -26 - 4) + 42?
45
What is (-35 - (-19 - (-54 - -20 - -15))) + 3 + -1?
-33
Evaluate (-5 - (14 - 69)) + (24 + -33 - 0).
41
Calculate (10 - 17) + 26 + 5 + -17 - 50.
-43
Evaluate (-52 - (4 + -7 + 3)) + 113 + -117.
-56
What is the value of -2 - -17 - (1166 - 1097)?
-54
-303 - (-307 + -39) - (-2 + 1 + -2)
46
What is the value of (-81 + 89 - 99) + 164?
73
Evaluate -3 + (2 - 1) - (-69 - -22 - -47) - -27.
25
Evaluate -13 + 15 - (-7 + -23) - -11.
43
9 - (63 - (38 + 53))
37
(57 - 48) + (-24 - 14)
-29
(44 - 46) + (1 + 8 - 3 - 2) + -37
-35
What is the value of -75 - (-93 + -43 - 21)?
82
Calculate 4 + (-1 - -2) + 701 + -653 + -68 + 0.
-15
Calculate 30 - (25 - (2 - 17 - -17)).
7
Calculate (-44 - -78 - -4) + -15.
23
Evaluate -81 + 90 + (61 - 10).
60
What is (472 - 384) + (-9 - 19)?
60
Evaluate (9 - (-24 - 3)) + (13 + -11 - 9) + 12.
41
Evaluate -16 - ((204 - 81) + -72).
-67
What is (1 - -20) + (-67 - (2 + -60))?
12
(-27 - -25) + (-9 - -21 - 11)
-1
Evaluate 35 + -15 - (10 + -20) - ((-2 - -5) + 1).
26
Calculate -1 + (1 - 1) + -16312 + 16237.
-76
What is 16 + (-63 - (23 - 62))?
-8
What is -15 + 25 + (74 - 43) + (0 - 11)?
30
What is 205 + -115 + (1 - -2) + -30?
63
75 + -153 - (22 + -70)
-30
Evaluate -69 + -34 + 77 + -9.
-35
Calculate -4138 + 4138 - (-33 - 3 - (-1 - -2)).
37
Evaluate (2 - -34) + -231 + 148.
-47
What is 27 + 7 + 0 - 24?
10
Calculate 103 - (-15 + 48 + 11 + -15 - 15).
89
Calculate -66 - (74 + -45 + -89).
-6
What is 3 + 0 + 77 + (-21 + 11 - 16)?
54
Evaluate 9 + (-1 - -1) + (6 - 4) + 26.
37
Evaluate -23 + 7 + 35 + -66.
-47
Evaluate (-3442 - -3456) + 5 + 0.
19
What is 7 + 5 + (16 - (1 - -20))?
7
What is 330 - 335 - (-3 + 0 + 5 - 92)?
85
Evaluate (26 - (-9 + 27)) + (16 + 3 - -2).
29
What is the value of 575 - (-412 - -982) - ((-2 - (-2 - -1)) + -65)?
71
What is the value of 5 + 25 - (-12 - -22 - (17 + -11))?
26
What is 0 - ((204 + -221 - (-1 - 8)) + (1 - 43))?
50
-79 - (13 - (33 - (19 - 21)))
-57
Evaluate (-5016 - -5002) + (2 - -2) + 1 - -93.
84
What is 484 + -413 - (0 - 37)?
108
What is the value of 36 + (43 - 80) + 53?
52
What is -40 - (-1 - 0 - (-442 - -419))?
-62
What is the value of -18 - (-18 + -42 + 0) - (-9 - -3 - -4)?
44
288 - 245 - (4 + 66)
-27
-119 - (-1 + -3) - (484 - 513)
-86
What is -227 + 150 - (5 + (2 - 7) + 6)?
-83
Evaluate -25 + ((-26 - -40) + -21 - -73).
41
What is the value of -89 - (120 - (44 - -100))?
-65
What is 10 + 55 + 25 + -45 + 35?
80
Calculate 57 + (11 - 8) + 0.
60
Calculate 27 - ((-64 - -44) + 5 + 2).
40
-56 + -1 + 2 + (-59 - -81 - 30)
-63
2 - -15 - (0 - -5) - (-1 - (-126 - -33))
-80
Calculate -3 + (2 - 8) - (-26 - (-13 + 3)).
7
Calculate 25 + 166 - 105 - ((0 - -4) + 1).
81
Calculate 27 + -30 - (-26 + 1) - (1205 + -1303).
120
(-2 - -18 - 28) + 11 + 16
15
Calculate -40 - (-59 - -14) - -36.
41
Evaluate (74 - 78) + 0 + 3 + -50.
-51
Evaluate -24 + 8 + (8 - -2) + 73.
67
Calculate 22 - 13 - -6 - (-1 - 15 - 5).
36
Evaluate -73 + (119 - 40) + -39.
-33
Evaluate -16 - 1 - (23 + -67 + 44).
-17
(-11 - (-6 - 25) - 11 - 125) + (1 - 3)
-118
What is the value of 0 + -18 - (93 + (13 - (21 - 2)))?
-105
What is -45 - (-104 + 37 - -71)?
-49
Evaluate 32 - (-1 + -10 - (-64 - -68)).
47
(-3245 - -3242) + 1 + 20
18
What is the value of 12 + -146 + 75 - 65?
-124
What is the value of 44 + (2 - -5 - (281 + -254))?
24
Evaluate (252 - 216 - (0 - 4 - 7)) + -3 + 5.
49
What is (39 - 69) + 19 - 45?
-56
What is the value of -11 - -39 - (116 + -68)?
-20
Evaluate -93 + 1 + 2 + (-350 - -343).
-97
What is the value of 26 - (22 - ((-14 - -34) + -28))?
-4
-2 + 89 + -83 - (59 + 0 + 0)
-55
Calculate (-64 - (-24 - -32)) + -21 - (5 + -17 + -4).
-77
Evaluate -19 + -17 + 13 + 9 + 2.
-12
What is -40 - 3 - ((-2 - -26) + -25)?
-42
What is the value of 2 - (30 - (118 + -62))?
28
Calculate (-1 - -2) + 32 + (-190 - -206).
49
Evaluate (-21 - (-1 - 25 - -9)) + -63 - 16.
-83
Evaluate -21 - (42 - 77) - -54.
68
What is the value of 11 - 13 - (-92 - -3) - (2 - -6)?
79
Evaluate (11 - (-37 - -102)) + 84.
30
Calculate (-166 - (-268 + 77)) + (-12 - (0 - 1)).
14
Evaluate -56 - (25 - (13 + 6 + -3)) - -15.
-50
Calculate -62 - (-90 + (26 - 45)).
47
39 + -7 + -33 - (35 + 2) - (2 - 2)
-38
-32 - (-131 - -21) - 133
-55
Calculate 51186 + -51148 - (8 + (1 - -1) + -1).
29
What is the value of -9 - (-13 - (-19 - ((-27 - -12) + 22)))?
-22
Evaluate 4 - 100 - (26 + -22 + (10 - -3) - 14).
-99
What is (48 - 40 - (7 - -1)) + -144 - 11?
-155
What is (20 - 62) + (18 + (-4 - 5) + -13 - -3)?
-43
What is the value of (-74 - (24 + -75)) + -14?
-37
Calculate 70 - 84 - -47 - (91 + 0).
-58
Calculate -15 + (-84 - -28) + 136.
65
What is 2 + 1 + -13 + 7 + (42 - 20)?
19
What is the value of -44 - -1 - ((174 - 97) + -97)?
-23
(-44 + 66 - (19 + -7)) + -6 + 13 + 0
17
Evaluate 6 - (-108 + 109 + -19 + 2).
22
Calculate (65 - 44) + 90 - 91.
20
Evaluate 2290 + -2326 - (0 - 32).
-4
-25 + -20 + 11 + 40 - 35
-29
Evaluate -188 + 86 + 84 + 14.
-4
What is 46 - (115 - 15 - 60)?
6
What is the value of (18 - 1) + -51 + 103 + -31 + -67?
-29
-18 + 99 - (-3 + -12 - (-8 - 11))
77
Evaluate 2 - 17 - (-9 + (37 - 31)).
-12
What is the value of 26 + (-44 - -37) + -38?
-19
What is the value of (3988 - 3939) + (0 - 76)?
-27
What is 21 - ((9 + 45 - 0) + -20)?
-13
What is the value of -31 + 47 - (6 - (-3 - -4))?
11
Calculate -122 - (40 - (-98 - -186)).
-74
Evaluate -4 + 6 - (17 + (-60 - -29)).
16
What is the value of 65 + -22 - (-5 + 0 + 3) - 1 - -8?
52
What is -62 - (-56 + 127 - 142)?
9
What is (-30 + 49 + -41 - 65) + 42?
-45
What is (-38 - -17) + -35 - -51?
-5
What is -6 + (1 + 11 - (-623 - -620))?
9
Calculate 20 + -42 - (6 - (37 - 12)) - -98.
95
Calculate -233 - -30 - (-87 + -53).
-63
Evaluate 12 - (-4 + -17) - 22 - (-13 + 4).
20
Calculate (-1 + 8 - -2) + (304 - 316).
-3
(-37 - 1) + -553 + 554
-37
Evaluate -363 + 344 + (29 - -1) + 60.
71
What is -418 - -449 - (20 - 0)?
11
What is 16 - (110 + -39) - 14?
-69
What is the value